{"id":356,"date":"2019-11-27T16:45:02","date_gmt":"2019-11-27T15:45:02","guid":{"rendered":"https:\/\/lechouettepotager.org\/?page_id=356"},"modified":"2023-03-23T11:05:31","modified_gmt":"2023-03-23T10:05:31","slug":"mentions-legales","status":"publish","type":"page","link":"https:\/\/lechouettepotager.org\/index.php\/mentions-legales\/","title":{"rendered":"Mentions l\u00e9gales"},"content":{"rendered":"\n<h4 class=\"wp-block-heading\">1. Pr\u00e9sentation du&nbsp;site<\/h4>\n\n\n<p style=\"text-align: justify;\"><span style=\"color: #000000;\">Conform\u00e9ment aux dis\u00adpo\u00adsi\u00adtions des arti\u00adcles 6\u2011III et 19 de la Loi n\u00b0 2004\u2013575 du 21 juin 2004 pour La Confiance dans l\u2019Economie Num\u00e9rique, dite L.C.E.N., nous por\u00adtons \u00e0 la con\u00adnais\u00adsance des util\u00adisa\u00adteurs et vis\u00adi\u00adteurs du site www.lechouettepotager.org les infor\u00adma\u00adtions suivantes&nbsp;:<\/span><\/p>\n\n\n<p><span style=\"color: #000000;\">Informations l\u00e9gales&nbsp;:<\/span><\/p>\n\n\n\n<span style=\"color: #000000;\"><ul><li>LE CHOUETTE POTAGER&nbsp;<\/li><li>Association Loi&nbsp;1901<\/li><li>Le Responsable de la pub\u00adli\u00adca\u00adtion est&nbsp;: Josette Mitifiot, Pr\u00e9sidente<\/li><li>Contactez le respon\u00ads\u00adable de la pub\u00adli\u00adca\u00adtion&nbsp;: contact@\u200blechouettepotager.\u200borg<\/li><li>L\u2019hebergeur du site est&nbsp;: ORACLE \u2014 The Circle 32 \u2014 8058 ZURICH \u2014 SUISSE<\/li><\/ul><\/span>\n\n\n\n<h4 class=\"wp-block-heading\">2. Description des services fournis<\/h4>\n\n\n<p style=\"text-align: justify;\"><span style=\"color: #000000;\">Le site www.lechouettepotager.org a pour objet de fournir une infor\u00adma\u00adtion con\u00adcer\u00adnant l\u2019ensemble des activ\u00adit\u00e9s de l\u2019as\u00adso\u00adci\u00ada\u00adtion.<\/span><br><span style=\"color: #000000;\">Le pro\u00adpri\u00e9\u00adtaire du site s\u2019efforce de fournir sur le site www.lechouettepotager.org des infor\u00adma\u00adtions aus\u00adsi pr\u00e9\u00adcis\u00ades que pos\u00adsi\u00adble. Toutefois, il ne pour\u00adra \u00eatre tenu respon\u00ads\u00adable des omis\u00adsions, des inex\u00adac\u00adti\u00adtudes et des carences dans la mise \u00e0 jour, qu\u2019elles soient de son fait ou du fait des tiers parte\u00adnaires qui lui four\u00adnissent ces infor\u00adma\u00adtions.<\/span><br><span style=\"color: #000000;\">Tous les infor\u00adma\u00adtions pro\u00adpos\u00e9es sur le site www.lechouettepotager.org sont don\u00adn\u00e9es \u00e0 titre indi\u00adcatif, sont non exhaus\u00adtives, et sont sus\u00adcep\u00adti\u00adbles d\u2019\u00e9voluer. Elles sont don\u00adn\u00e9es sous r\u00e9serve de mod\u00adi\u00adfi\u00adca\u00adtions ayant \u00e9t\u00e9 apport\u00e9es depuis leur mise en&nbsp;ligne.<\/span><\/p>\n\n\n<h4 class=\"wp-block-heading\">3. Propri\u00e9t\u00e9 intellectuelle et contrefa\u00e7ons<\/h4>\n\n\n<p style=\"text-align: justify;\"><span style=\"color: #000000;\">Le pro\u00adpri\u00e9\u00adtaire du site est pro\u00adpri\u00e9\u00adtaire des droits de pro\u00adpri\u00e9t\u00e9 intel\u00adlectuelle ou d\u00e9tient les droits d\u2019usage sur tous les \u00e9l\u00e9\u00adments acces\u00adsi\u00adbles sur le site, notam\u00adment les textes, images, graphismes, logo, ic\u00f4nes, sons, logi\u00adciels\u2026<\/span><br><span style=\"color: #000000;\">Toute repro\u00adduc\u00adtion, repr\u00e9sen\u00adta\u00adtion, mod\u00adi\u00adfi\u00adca\u00adtion, pub\u00adli\u00adca\u00adtion, adap\u00adta\u00adtion totale ou par\u00adtielle des \u00e9l\u00e9\u00adments du site, quel que soit le moyen ou le proc\u00e9d\u00e9 util\u00adis\u00e9, est inter\u00addite, sauf autori\u00adsa\u00adtion \u00e9crite pr\u00e9al\u00adable \u00e0 l\u2019email direction@\u200bflomic.\u200bfr<\/span><br><span style=\"color: #000000;\">Toute exploita\u00adtion non autoris\u00e9e du site ou de l\u2019un quel\u00adconque de ces \u00e9l\u00e9\u00adments qu\u2019il con\u00adtient sera con\u00adsid\u00ad\u00e9r\u00e9e comme con\u00adsti\u00adtu\u00adtive d\u2019une con\u00adtre\u00adfa\u00e7on et pour\u00adsuiv\u00adie con\u00adfor\u00adm\u00e9\u00adment aux dis\u00adpo\u00adsi\u00adtions des arti\u00adcles L.335\u20132 et suiv\u00adants du Code de Propri\u00e9t\u00e9 Intellectuelle.<\/span><\/p>\n\n\n<h4 class=\"wp-block-heading\">4. Liens hypertextes et cookies<\/h4>\n\n\n<p style=\"text-align: justify;\"><span style=\"color: #000000;\">Le site www.lechouettepotager.org con\u00adtient un cer\u00adtain nom\u00adbre de liens hyper\u00adtextes vers d\u2019autres sites (parte\u00adnaires, infor\u00adma\u00adtions \u2026). Cependant, le pro\u00adpri\u00e9\u00adtaire du site n\u2019a pas la pos\u00adsi\u00adbil\u00adit\u00e9 de v\u00e9ri\u00adfi\u00ader le con\u00adtenu des sites ain\u00adsi vis\u00adit\u00e9s et d\u00e9cline donc toute respon\u00ads\u00adabil\u00adit\u00e9 de ce fait quant aux risques \u00e9ventuels de con\u00adtenus illicites.<\/span><\/p>\n<p style=\"text-align: justify;\"><span style=\"color: #000000;\">L\u2019utilisateur est infor\u00adm\u00e9 que lors de ses vis\u00adites sur le site www.lechouettepotager.org, un ou des cook\u00adies sont sus\u00adcep\u00adti\u00adbles de s\u2019installer automa\u00adtique\u00adment sur son ordi\u00adna\u00adteur. Un cook\u00adie est un fichi\u00ader de petite taille, qui ne per\u00admet pas l\u2019identification de l\u2019utilisateur, mais qui enreg\u00adistre des infor\u00adma\u00adtions rel\u00ada\u00adtives \u00e0 la nav\u00adi\u00adga\u00adtion d\u2019un ordi\u00adna\u00adteur sur un site. Les don\u00adn\u00e9es ain\u00adsi obtenues visent \u00e0 faciliter la nav\u00adi\u00adga\u00adtion ult\u00e9rieure sur le site, et ont \u00e9gale\u00adment voca\u00adtion \u00e0 per\u00adme\u00adt\u00adtre divers\u00ades mesures de fr\u00e9quentation.<\/span><\/p>\n<p style=\"text-align: justify;\"><span style=\"color: #000000;\">Le param\u00e9\u00adtrage du logi\u00adciel de nav\u00adi\u00adga\u00adtion per\u00admet d\u2019informer de la pr\u00e9sence de cook\u00adie et \u00e9ventuelle\u00adment, de refuser de la mani\u00e8re d\u00e9crite \u00e0 l\u2019adresse suiv\u00adante&nbsp;: www.cnil.fr<\/span><br><span style=\"color: #000000;\">Le refus d\u2019installation d\u2019un cook\u00adie peut entra\u00een\u00ader l\u2019impossibilit\u00e9 d\u2019acc\u00e9der \u00e0 cer\u00adtains ser\u00advices. L\u2019utilisateur peut toute\u00adfois con\u00adfig\u00adur\u00ader son ordi\u00adna\u00adteur pour refuser l\u2019installation des cookies.<\/span><\/p>\n\n\n<h4 class=\"wp-block-heading\">5. Protection des biens et des personnes \u2013 Gestion des donn\u00e9es personnelles<\/h4>\n\n\n<p style=\"text-align: justify;\"><span style=\"color: #000000;\">Utilisateur&nbsp;: Internaute se con\u00adnec\u00adtant, util\u00adisant le site&nbsp;<\/span><span style=\"color: #000000;\">www.lechouettepotager.org<\/span><\/p>\n<p style=\"text-align: justify;\"><span style=\"color: #000000;\">En France, les don\u00adn\u00e9es per\u00adson\u00adnelles sont notam\u00adment pro\u00adt\u00e9g\u00e9es par la loi n\u00b0 78\u201387 du 6 jan\u00advi\u00ader 1978, la loi n\u00b0 2004\u2013801 du 6 ao\u00fbt 2004, l\u2019article L. 226\u201313 du Code p\u00e9nal et la Directive Europ\u00e9enne du 24 octo\u00adbre&nbsp;1995.<\/span><\/p>\n<p style=\"text-align: justify;\"><span style=\"color: #000000;\">Sur le site www.lechouettepotager.org, le pro\u00adpri\u00e9\u00adtaire du site ne col\u00adlecte des infor\u00adma\u00adtions per\u00adson\u00adnelles rel\u00ada\u00adtives \u00e0 l\u2019utilisateur que pour le besoin de cer\u00adtains ser\u00advices pro\u00adpos\u00e9s par le site www.lechouettepotager.org . L\u2019utilisateur four\u00adnit ces infor\u00adma\u00adtions en toute con\u00adnais\u00adsance de cause, notam\u00adment lorsqu\u2019il proc\u00e8de par lui-\u200bm\u00eame \u00e0 leur saisie. Il est alors pr\u00e9\u00adcis\u00e9 \u00e0 l\u2019utilisateur du site www.lechouettepotager.org l\u2019obligation ou non de fournir ces informations.<\/span><\/p>\n<p style=\"text-align: justify;\"><span style=\"color: #000000;\">Conform\u00e9ment aux dis\u00adpo\u00adsi\u00adtions des arti\u00adcles 38 et suiv\u00adants de la loi 78\u201317 du 6 jan\u00advi\u00ader 1978 rel\u00ada\u00adtive \u00e0 l\u2019informatique, aux fichiers et aux lib\u00adert\u00e9s, tout util\u00adisa\u00adteur dis\u00adpose d\u2019un droit d\u2019acc\u00e8s, de rec\u00adti\u00adfi\u00adca\u00adtion, de sup\u00adpres\u00adsion et d\u2019opposition aux don\u00adn\u00e9es per\u00adson\u00adnelles le con\u00adcer\u00adnant. Pour l\u2019exercer, adressez votre demande \u00e0 par cour\u00adriel ou en effec\u00adtu\u00adant une demande \u00e9crite et sign\u00e9e, accom\u00adpa\u00adg\u00adn\u00e9e d\u2019une copie du titre d\u2019identit\u00e9 avec sig\u00adna\u00adture du tit\u00adu\u00adlaire de la pi\u00e8ce, en pr\u00e9\u00adcisant l\u2019adresse \u00e0 laque\u00adlle la r\u00e9ponse doit \u00eatre envoy\u00e9e.<\/span><\/p>\n<p style=\"text-align: justify;\"><span style=\"color: #000000;\">Aucune infor\u00adma\u00adtion per\u00adson\u00adnelle de l\u2019utilisateur du site www.lechouettepotager.org n\u2019est pub\u00adli\u00e9e \u00e0 l\u2019insu de l\u2019utilisateur, \u00e9chang\u00e9e, trans\u00adf\u00e9r\u00e9e, c\u00e9d\u00e9e ou ven\u00addue sur un sup\u00adport quel\u00adconque \u00e0 des tiers. Seule l\u2019hypoth\u00e8se du rachat du site <\/span><span style=\"color: #000000;\">www.lechouettepotager.org au pro\u00adpri\u00e9\u00adtaire du site et de ses droits per\u00adme\u00adt\u00adtrait la trans\u00admis\u00adsion des dites infor\u00adma\u00adtions \u00e0 l\u2019\u00e9ventuel acqu\u00e9reur qui serait \u00e0 son tour tenu de la m\u00eame oblig\u00ada\u00adtion de con\u00adser\u00adva\u00adtion et de mod\u00adi\u00adfi\u00adca\u00adtion des don\u00adn\u00e9es vis \u00e0 vis de l\u2019utilisateur du site <\/span><span style=\"color: #000000;\">www.lechouettepotager.org.<\/span><\/p>\n<p><span style=\"color: #000000;\">Le site www.lechouettepotager.org est en con\u00adfor\u00admit\u00e9 avec le&nbsp;RGPD.<\/span><\/p>\n<p style=\"text-align: justify;\"><span style=\"color: #000000;\">Les bases de don\u00adn\u00e9es sont pro\u00adt\u00e9g\u00e9es par les dis\u00adpo\u00adsi\u00adtions de la loi du 1er juil\u00adlet 1998 trans\u00adposant la direc\u00adtive 96\/\u200b9 du 11 mars 1996 rel\u00ada\u00adtive \u00e0 la pro\u00adtec\u00adtion juridique des bases de donn\u00e9es.<\/span><\/p>\n<p>&nbsp;<\/p>\n\n\n<p><br><\/p>\n","protected":false},"excerpt":{"rendered":"<p>1. Pr\u00e9sentation du&nbsp;site Conform\u00e9ment aux dis\u00adpo\u00adsi\u00adtions des arti\u00adcles 6\u2011III et 19 de la Loi n\u00b0 2004\u2013575 du 21 juin 2004 pour La Confiance dans l\u2019Economie Num\u00e9rique, dite L.C.E.N., nous por\u00adtons \u00e0 la con\u00adnais\u00adsance des util\u00adisa\u00adteurs et vis\u00adi\u00adteurs du site www.lechouettepotager.org les infor\u00adma\u00adtions suiv\u00adantes&nbsp;: Informations l\u00e9gales&nbsp;: LE CHOUETTE POTAGER&nbsp;Association Loi&nbsp;1901Le Responsable de la pub\u00adli\u00adca\u00adtion est&nbsp;: Josette\u2026 <br> <a class=\"read-more\" href=\"https:\/\/lechouettepotager.org\/index.php\/mentions-legales\/\">Lire la&nbsp;suite<\/a><\/p>\n","protected":false},"author":1,"featured_media":0,"parent":0,"menu_order":0,"comment_status":"closed","ping_status":"closed","template":"","meta":{"_coblocks_attr":"","_coblocks_dimensions":"","_coblocks_responsive_height":"","_coblocks_accordion_ie_support":"","_uag_custom_page_level_css":"","wp_typography_post_enhancements_disabled":false,"ngg_post_thumbnail":0,"footnotes":""},"featured_image_src":null,"featured_image_src_square":null,"uagb_featured_image_src":{"full":false,"thumbnail":false,"medium":false,"medium_large":false,"large":false,"1536x1536":false,"2048x2048":false,"ab-block-post-grid-landscape":false,"ab-block-post-grid-square":false,"post-thumbnail":false,"mesmerize-full-hd":false},"uagb_author_info":{"display_name":"Webmaster","author_link":"https:\/\/lechouettepotager.org\/index.php\/author\/admin7426\/"},"uagb_comment_info":0,"uagb_excerpt":"1. Pr\u00e9sentation du&nbsp;site Conform\u00e9ment aux dis\u00adpo\u00adsi\u00adtions des arti\u00adcles 6\u2011III et 19 de la Loi n\u00b0 2004\u2013575 du 21 juin 2004 pour La Confiance dans l\u2019Economie Num\u00e9rique, dite L.C.E.N., nous por\u00adtons \u00e0 la con\u00adnais\u00adsance des util\u00adisa\u00adteurs et vis\u00adi\u00adteurs du site www.lechouettepotager.org les infor\u00adma\u00adtions suivantes&nbsp;: Informations l\u00e9gales&nbsp;: LE CHOUETTE POTAGER&nbsp;Association Loi&nbsp;1901Le Responsable de la pub\u00adli\u00adca\u00adtion est&nbsp;: Josette&hellip;\u2026","_links":{"self":[{"href":"https:\/\/lechouettepotager.org\/index.php\/wp-json\/wp\/v2\/pages\/356"}],"collection":[{"href":"https:\/\/lechouettepotager.org\/index.php\/wp-json\/wp\/v2\/pages"}],"about":[{"href":"https:\/\/lechouettepotager.org\/index.php\/wp-json\/wp\/v2\/types\/page"}],"author":[{"embeddable":true,"href":"https:\/\/lechouettepotager.org\/index.php\/wp-json\/wp\/v2\/users\/1"}],"replies":[{"embeddable":true,"href":"https:\/\/lechouettepotager.org\/index.php\/wp-json\/wp\/v2\/comments?post=356"}],"version-history":[{"count":12,"href":"https:\/\/lechouettepotager.org\/index.php\/wp-json\/wp\/v2\/pages\/356\/revisions"}],"predecessor-version":[{"id":3699,"href":"https:\/\/lechouettepotager.org\/index.php\/wp-json\/wp\/v2\/pages\/356\/revisions\/3699"}],"wp:attachment":[{"href":"https:\/\/lechouettepotager.org\/index.php\/wp-json\/wp\/v2\/media?parent=356"}],"curies":[{"name":"wp","href":"https:\/\/api.w.org\/{rel}","templated":true}]}}