{"id":5,"date":"2019-05-01T20:41:14","date_gmt":"2019-05-01T18:41:14","guid":{"rendered":"https:\/\/lechouettepotager.org\/index.php\/mesmerize\/"},"modified":"2023-03-23T12:19:58","modified_gmt":"2023-03-23T11:19:58","slug":"mesmerize","status":"publish","type":"page","link":"https:\/\/lechouettepotager.org\/","title":{"rendered":"Page Principale"},"content":{"rendered":"<div id=\"counters-1\" class=\"counters-1 content-section content-section-spacing\" style=\"background-color: #ffffff; background-image: none;\" data-label=\"Counters\" data-id=\"counters--1\" data-export-id=\"counters-1\" data-category=\"counters\">\n<div class=\"gridContainer\">\n<div class=\"row text-center\">\n<div class=\"section-title-col\" data-type=\"column\">\n<h2 class>Biodiversit\u00e9<\/h2>\n<p class=\"lead\">Les sites du Chouette Potager sont de v\u00e9ri\u00adta\u00adbles r\u00e9serves de bio\u00addi\u00adver\u00adsit\u00e9 au c\u0153ur de&nbsp;Dijon.<\/p>\nNous veil\u00adlons \u00e0 pro\u00adpos\u00ader les cl\u00e9s et don\u00adner les modes d\u2019emploi pour con\u00adjuguer la bio\u00addi\u00adver\u00adsit\u00e9 dans nos jardins.&nbsp;<\/div>\n<\/div>\n<div class=\"row spaced-cols\" data-type=\"row\" data-fixed=\"true\">\n<div class=\"col-xs-12 col-sm-4 space-bottom-small col-padding-xs col-md-3\">\n<div class=\"circle-counter color1\">\n\n&nbsp;\n<div class=\"circle-content\">\n<h2 class=\"font-100\" data-min=\"0\" data-max=\"14\" data-stop=\"14\" data-prefix data-suffix data-countup=\"true\" data-duration=\"2000\"><\/h2>\nSites&nbsp;<\/div>\n<\/div>\n<\/div>\n<div class=\"col-xs-12 col-sm-4 space-bottom-small col-padding-xs col-md-3\">\n<div class=\"circle-counter color2\">\n\n&nbsp;\n<div class=\"circle-content\">\n<h2 class=\"font-100\" data-min=\"0\" data-max=\"524\" data-stop=\"524\" data-prefix data-suffix data-countup=\"true\" data-duration=\"2000\"><\/h2>\nParcelles&nbsp;<\/div>\n<\/div>\n<\/div>\n<div class=\"col-xs-12 col-sm-4 space-bottom-small col-padding-xs col-md-3\">\n<div class=\"circle-counter color4\">\n\n&nbsp;\n<div class=\"circle-content\">\n<h2 class=\"font-100\" data-min=\"0\" data-max=\"121\" data-stop=\"121\" data-prefix data-suffix=\"333\" data-countup=\"true\" data-duration=\"2000\"><\/h2>\nm\u00b2 sur\u00adface cultiv\u00e9e&nbsp;<\/div>\n<\/div>\n<\/div>\n<div class=\"col-xs-12 col-sm-4 space-bottom-small col-padding-xs col-md-3\">\n<div class=\"circle-counter color1\">\n\n&nbsp;\n<div class=\"circle-content\">\n<h2 class=\"font-100\" data-min=\"0\" data-max=\"162\" data-stop=\"162\" data-prefix data-suffix=\"663\" data-countup=\"true\" data-duration=\"2000\"><\/h2>\nm\u00b2 sur\u00adface totale&nbsp;<\/div>\n<\/div>\n<\/div>\n<\/div>\n<\/div>\n<\/div><div id=\"sites\" class=\"about-images-right-section content-section content-section-spacing\" style=\"background-color: #ffffff;\" data-label=\"Sites\" data-id=\"about--1\" data-export-id=\"about-images-right-section\" data-category=\"about\">\n<div class=\"gridContainer\">\n<div class=\"row middle-sm text-center\">\n<div class=\"col-sm-5 content-left-sm\" data-type=\"column\">\n<h5 class>SITES GERES PAR L\u2019ASSOCIATION<\/h5>\n<h2 class>14 sites&nbsp;&nbsp;\n<span style=\"font-family: Playfair Display,sans-serif; font-weight: bold; font-style: italic;\">sur la commune<\/span>\nde&nbsp;DIJON&nbsp;<\/h2>\n<p class>Notre asso\u00adci\u00ada\u00adtion loi 1901 \u00ab&nbsp;Le Chouette Potager&nbsp;\u00bb, affil\u00adi\u00e9e \u00e0 la F\u00e9d\u00e9ration Nationale des Jardins Familiaux et Collectifs, sous la ges\u00adtion de son bureau repr\u00e9sen\u00adt\u00e9 par sa Pr\u00e9sidente, Josette MITIFIOT, g\u00e8re l\u2019ensemble de ces sites dans le&nbsp;but de cr\u00e9er, d\u00e9velop\u00adper et ani\u00admer ces jardins col\u00adlec\u00adtifs mis \u00e0 dis\u00adpo\u00adsi\u00adtion par la munic\u00adi\u00adpal\u00adit\u00e9 de&nbsp;DIJON.<\/p>\n<a class=\"button color1\" href=\"https:\/\/lechouettepotager.org\/index.php\/les-14-sites-sur-la-commune-de-dijon\" target=\"_blank\" rel=\"noopener noreferrer\" data-cp-link=\"1\">D\u00e9couvrir les 14&nbsp;sites&nbsp;\u2026<\/a>\n\n<\/div>\n<div class=\"col-sm-7 space-bottom-xs\">\n<div class=\"image-group-side-3-img\"><img decoding=\"async\" class=\"topimg shadow-large\" title=\"cropped-auxonne-1.jpg\" src=\"https:\/\/lechouettepotager.org\/wp-content\/uploads\/2019\/09\/cropped-auxonne-1.jpg\" alt> <img decoding=\"async\" class=\"rightimg shadow-large\" title=\"cropped-maupassant.jpg\" src=\"https:\/\/lechouettepotager.org\/wp-content\/uploads\/2019\/09\/cropped-maupassant.jpg\" alt>&nbsp;&nbsp;\n<div class=\"leftimg\"><img decoding=\"async\" class=\"shadow-large\" title=\"cropped-ebazoirs-7-1.jpg\" src=\"https:\/\/lechouettepotager.org\/wp-content\/uploads\/2019\/09\/cropped-ebazoirs-7-1.jpg\" alt><\/div>\n&nbsp;\n\n<\/div>\n<\/div>\n<\/div>\n<\/div>\n<\/div>","protected":false},"excerpt":{"rendered":"<p>Biodiversit\u00e9 Les sites du Chouette Potager sont de v\u00e9ri\u00adta\u00adbles r\u00e9serves de bio\u00addi\u00adver\u00adsit\u00e9 au c\u0153ur de&nbsp;Dijon. Nous veil\u00adlons \u00e0 pro\u00adpos\u00ader les cl\u00e9s et don\u00adner les modes d\u2019emploi pour con\u00adjuguer la bio\u00addi\u00adver\u00adsit\u00e9 dans nos jardins.&nbsp; &nbsp; Sites&nbsp; &nbsp; Parcelles&nbsp; &nbsp; m\u00b2 sur\u00adface cul\u00adtiv\u00e9e&nbsp; &nbsp; m\u00b2 sur\u00adface totale&nbsp; SITES GERES PAR L\u2019ASSOCIATION 14 sites&nbsp;&nbsp; sur la com\u00admune de&nbsp;DIJON&nbsp;\u2026 <br> <a class=\"read-more\" href=\"https:\/\/lechouettepotager.org\/\">Lire la&nbsp;suite<\/a><\/p>\n","protected":false},"author":1,"featured_media":0,"parent":0,"menu_order":0,"comment_status":"closed","ping_status":"closed","template":"page-templates\/homepage.php","meta":{"_coblocks_attr":"","_coblocks_dimensions":"","_coblocks_responsive_height":"","_coblocks_accordion_ie_support":"","_uag_custom_page_level_css":"","wp_typography_post_enhancements_disabled":false,"ngg_post_thumbnail":0,"footnotes":""},"featured_image_src":null,"featured_image_src_square":null,"uagb_featured_image_src":{"full":false,"thumbnail":false,"medium":false,"medium_large":false,"large":false,"1536x1536":false,"2048x2048":false,"ab-block-post-grid-landscape":false,"ab-block-post-grid-square":false,"post-thumbnail":false,"mesmerize-full-hd":false},"uagb_author_info":{"display_name":"Webmaster","author_link":"https:\/\/lechouettepotager.org\/index.php\/author\/admin7426\/"},"uagb_comment_info":0,"uagb_excerpt":"Biodiversit\u00e9 Les sites du Chouette Potager sont de v\u00e9ri\u00adta\u00adbles r\u00e9serves de bio\u00addi\u00adver\u00adsit\u00e9 au c\u0153ur de&nbsp;Dijon. Nous veil\u00adlons \u00e0 pro\u00adpos\u00ader les cl\u00e9s et don\u00adner les modes d\u2019emploi pour con\u00adjuguer la bio\u00addi\u00adver\u00adsit\u00e9 dans nos jardins.&nbsp; &nbsp; Sites&nbsp; &nbsp; Parcelles&nbsp; &nbsp; m\u00b2 sur\u00adface cultiv\u00e9e&nbsp; &nbsp; m\u00b2 sur\u00adface totale&nbsp; SITES GERES PAR L\u2019ASSOCIATION 14 sites&nbsp;&nbsp; sur la commune de&nbsp;DIJON&nbsp;&hellip;\u2026","_links":{"self":[{"href":"https:\/\/lechouettepotager.org\/index.php\/wp-json\/wp\/v2\/pages\/5"}],"collection":[{"href":"https:\/\/lechouettepotager.org\/index.php\/wp-json\/wp\/v2\/pages"}],"about":[{"href":"https:\/\/lechouettepotager.org\/index.php\/wp-json\/wp\/v2\/types\/page"}],"author":[{"embeddable":true,"href":"https:\/\/lechouettepotager.org\/index.php\/wp-json\/wp\/v2\/users\/1"}],"replies":[{"embeddable":true,"href":"https:\/\/lechouettepotager.org\/index.php\/wp-json\/wp\/v2\/comments?post=5"}],"version-history":[{"count":32,"href":"https:\/\/lechouettepotager.org\/index.php\/wp-json\/wp\/v2\/pages\/5\/revisions"}],"predecessor-version":[{"id":3713,"href":"https:\/\/lechouettepotager.org\/index.php\/wp-json\/wp\/v2\/pages\/5\/revisions\/3713"}],"wp:attachment":[{"href":"https:\/\/lechouettepotager.org\/index.php\/wp-json\/wp\/v2\/media?parent=5"}],"curies":[{"name":"wp","href":"https:\/\/api.w.org\/{rel}","templated":true}]}}